3?
475
Calculate the remainder when 1207876 is divided by 3721.
2272
What is the remainder when 148974 is divided by 153?
105
What is the remainder when 56316653 is divided by 176?
173
Calculate the remainder when 1312426 is divided by 147.
10
Calculate the remainder when 81344 is divided by 2315.
319
What is the remainder when 9445406 is divided by 442?
308
Calculate the remainder when 977195 is divided by 5143.
25
Calculate the remainder when 84004952 is divided by 28001647.
11
Calculate the remainder when 571757003 is divided by 1378.
1377
What is the remainder when 1621325 is divided by 810655?
15
What is the remainder when 179432 is divided by 179?
74
What is the remainder when 46514506 is divided by 10?
6
Calculate the remainder when 152122502 is divided by 900.
2
Calculate the remainder when 28674 is divided by 8841.
2151
What is the remainder when 685873340 is divided by 167?
165
What is the remainder when 142094153 is divided by 520?
513
Calculate the remainder when 5420146 is divided by 1063.
972
Calculate the remainder when 95301 is divided by 95227.
74
What is the remainder when 146107 is divided by 14610?
7
What is the remainder when 150772 is divided by 4198?
3842
Calculate the remainder when 164907343 is divided by 476.
475
Calculate the remainder when 290042 is divided by 289927.
115
Calculate the remainder when 4259718 is divided by 112097.
32
What is the remainder when 104376166 is divided by 156?
154
What is the remainder when 13833418 is divided by 81373?
8
What is the remainder when 184696 is divided by 184609?
87
What is the remainder when 19612173 is divided by 13?
9
What is the remainder when 341717 is divided by 56899?
323
What is the remainder when 32562 is divided by 1559?
1382
What is the remainder when 5168565 is divided by 744?
741
What is the remainder when 7594 is divided by 767?
691
What is the remainder when 1083312 is divided by 499?
482
What is the remainder when 6879328 is divided by 18?
16
Calculate the remainder when 45785296 is divided by 565250.
46
Calculate the remainder when 69164 is divided by 16781.
2040
What is the remainder when 233904 is divided by 276?
132
Calculate the remainder when 407863 is divided by 407401.
462
Calculate the remainder when 537550198 is divided by 1870.
1868
Calculate the remainder when 329418 is divided by 809.
155
What is the remainder when 43858 is divided by 7884?
4438
Calculate the remainder when 2989714 is divided by 4.
2
Calculate the remainder when 676251 is divided by 250.
1
Calculate the remainder when 1434611 is divided by 204934.
73
What is the remainder when 12548038 is divided by 29?
28
What is the remainder when 1090439 is divided by 685?
604
What is the remainder when 245930 is divided by 3417?
3323
Calculate the remainder when 24041344 is divided by 3283.
3218
What is the remainder when 109852377 is divided by 30?
27
What is the remainder when 1110321 is divided by 5592?
3105
Calculate the remainder when 362141 is divided by 413.
353
What is the remainder when 12562 is divided by 1319?
691
Calculate the remainder when 15798 is divided by 2133.
867
What is the remainder when 114965216 is divided by 132?
80
What is the remainder when 1766846 is divided by 588946?
8
Calculate the remainder when 2258075 is divided by 90322.
25
Calculate the remainder when 1557739 is divided by 4790.
989
Calculate the remainder when 25909461 is divided by 140.
81
What is the remainder when 276479 is divided by 34557?
23
Calculate the remainder when 108459 is divided by 602.
99
What is the remainder when 11592150 is divided by 192?
150
What is the remainder when 3357669 is divided by 71?
8
What is the remainder when 95182630 is divided by 490632?
22
What is the remainder when 8171045 is divided by 60?
5
What is the remainder when 92410 is divided by 26974?
11488
Calculate the remainder when 146446 is divided by 3830.
906
What is the remainder when 1793233 is divided by 27170?
13
What is the remainder when 15716576 is divided by 55?
51
Calculate the remainder when 25254 is divided by 53.
26
What is the remainder when 73004 is divided by 5594?
282
What is the remainder when 997824240 is divided by 149?
146
Calculate the remainder when 8219490 is divided by 317.
314
Calculate the remainder when 1668537 is divided by 30.
27
What is the remainder when 47352 is divided by 23676?
0
What is the remainder when 61260416 is divided by 138?
8
What is the remainder when 4475 is divided by 280?
275
Calculate the remainder when 4548005 is divided by 14.
7
Calculate the remainder when 6735939 is divided by 1215.
1194
Calculate the remainder when 163198008 is divided by 48.
24
Calculate the remainder when 662363 is divided by 325.
13
What is the remainder when 26646035 is divided by 5846?
5813
What is the remainder when 5724 is divided by 2150?
1424
Calculate the remainder when 14865785 is divided by 1443.
1442
What is the remainder when 833092 is divided by 833087?
5
Calculate the remainder when 15578919 is divided by 31.
24
Calculate the remainder when 321625 is divided by 164.
21
Calculate the remainder when 19464234 is divided by 689.
673
What is the remainder when 4406293 is divided by 12308?
29
What is the remainder when 1402185 is divided by 109?
9
What is the remainder when 1246224 is divided by 124611?
114
What is the remainder when 54612205 is divided by 16?
13
Calculate the remainder when 121196699 is divided by 201.
131
What is the remainder when 4440695 is divided by 11?
6
Calculate the remainder when 1760931 is divided by 5969.
76
Calculate the remainder when 2066305 is divided by 889.
269
Calculate the remainder when 150601429 is divided by 37.
33
Calculate the remainder when 6683346 is divided by 9658.
10
Calculate the remainder when 2822657 is divided by 106.
89
What is the remainder when 2320747 is divided by 152?
11
Calculate the remainder when 1150813 is divided by 154.
125
What is the remainder when 391621 is divided by 21?
13
What is the remainder when 1118998 is divided by 5623?
21
Calculate the remainder when 7757462 is divided by 1985.
82
Calculate the remainder when 1040194 is divided by 601.
464
What is the remainder when 2098417 is divided by 25279?
260
What is the remainder when 13368013 is divided by 43?
1
What is the remainder when 784325 is divided by 573?
461
Calculate the remainder when 57906 is divided by 57842.
64
Calculate the remainder when 3602468 is divided by 146.
64
What is the remainder when 39078411 is divided by 68800?
11
Calculate the remainder when 2823456 is divided by 1012.
988
What is the remainder when 337002 is divided by 17731?
113
What is the remainder when 1787173 is divided by 195?
193
Calculate the remainder when 16600 is divided by 15973.
627
What is the remainder when 611818 is divided by 1589?
53
What is the remainder when 297762541 is divided by 373?
371
Calculate the remainder when 3806279 is divided by 6871.
6616
Calculate the remainder when 491397 is divided by 186.
171
What is the remainder when 44348306 is divided by 493?
491
What is the remainder when 17118993 is divided by 1042?
1017
What is the remainder when 87221042 is divided by 83?
77
What is the remainder when 346825 is divided by 554?
21
What is the remainder when 4495739 is divided by 56?
3
Calculate the remainder when 997386 is divided by 113.
48
Calculate the remainder when 323828 is divided by 5397.
8
What is the remainder when 57347800 is divided by 70?
20
Calculate the remainder when 606210 is divided by 84.
66
Calculate the remainder when 13326608 is divided by 13247.
126
What is the remainder when 65280248 is divided by 94?
68
What is the remainder when 314657 is divided by 18?
17
Calculate the remainder when 857822 is divided by 104.
30
Calculate the remainder when 271578 is divided by 14289.
87
Calculate the remainder when 360223971 is divided by 2885.
2871
What is the remainder when 153922 is divided by 3271?
185
What is the remainder when 55111 is divided by 12985?
3171
What is the remainder when 111425 is divided by 111174?
251
What is the remainder when 107168078 is divided by 107168068?
10
Calculate the remainder when 2074225 is divided by 691407.
4
Calculate the remainder when 1449341 is divided by 103521.
47
Calculate the remainder when 54087738 is di